 base 6?
-52102
What is 204000 (base 5) in base 14?
2662
Convert 3ed (base 16) to base 15.
470
What is -1142401 (base 5) in base 3?
-1002122001
What is -1412 (base 13) in base 8?
-5510
Convert -155 (base 9) to base 11.
-10a
-243442 (base 5) to base 10
-9247
What is -4114 (base 14) in base 12?
-6586
-121131 (base 4) to base 2
-11001011101
What is -23a (base 11) in base 5?
-2120
Convert 11221 (base 3) to base 14.
97
What is b0d (base 15) in base 14?
c9a
9426 (base 10) to base 9
13833
Convert -10010010000000110 (base 2) to base 16.
-12406
111001011 (base 2) to base 15
209
What is 165 (base 12) in base 16?
dd
902 (base 13) to base 6
11015
3323102 (base 4) to base 14
5c0a
-13356 (base 16) to base 7
-445245
Convert 1102201010 (base 3) to base 15.
8563
Convert -278c (base 13) to base 14.
-2109
What is 13020 (base 4) in base 11?
385
Convert -8a7 (base 11) to base 12.
-765
10001101 (base 2) to base 16
8d
Convert -935c (base 16) to base 13.
-1422b
What is -a5c7 (base 15) in base 9?
-53077
107 (base 15) to base 13
14b
-11012 (base 4) to base 3
-110002
What is -693 (base 15) in base 13?
-8a6
What is 155b1 (base 15) in base 12?
33987
Convert 14530 (base 14) to base 8.
142356
-20126 (base 10) to base 16
-4e9e
-20102220 (base 3) to base 2
-1001001010111
What is 6b0 (base 15) in base 5?
22030
-2790 (base 14) to base 8
-15512
Convert -4474 (base 8) to base 12.
-1450
Convert 12343 (base 5) to base 8.
1715
What is -143423 (base 5) in base 4?
-1133201
-1010010111000 (base 2) to base 15
-1889
Convert 30bd (base 16) to base 7.
51243
113 (base 6) to base 11
41
Convert 14227 (base 9) to base 10.
9664
-3145 (base 6) to base 7
-2036
413 (base 11) to base 3
200110
203143 (base 5) to base 13
3064
Convert 10101100001111 (base 2) to base 10.
11023
-a210 (base 11) to base 14
-4d2b
What is 30b3 (base 12) in base 3?
21022000
Convert 515 (base 6) to base 4.
2333
-256 (base 9) to base 16
-d5
Convert 19146 (base 10) to base 3.
222021010
Convert -1020212 (base 3) to base 4.
-32102
Convert -1420 (base 5) to base 2.
-11101011
2058 (base 14) to base 12
327a
What is 5b (base 15) in base 12?
72
What is -ae7e (base 16) in base 11?
-3061a
-a2 (base 12) to base 5
-442
What is -151 (base 15) in base 12?
-211
11725 (base 10) to base 11
889a
Convert 1643 (base 12) to base 9.
3556
214 (base 9) to base 6
451
What is -122034 (base 5) in base 13?
-2163
What is -22d (base 16) in base 2?
-1000101101
What is 1322 (base 7) in base 13?
2cc
Convert 3250 (base 6) to base 9.
1023
What is 218 (base 13) in base 2?
101100111
Convert 489 (base 11) to base 2.
1001000101
559 (base 11) to base 2
1010011101
-289 (base 11) to base 7
-663
Convert -22401 (base 5) to base 9.
-2168
What is 7380 (base 11) in base 6?
113120
-7416 (base 8) to base 10
-3854
Convert da2 (base 14) to base 8.
5202
-390 (base 14) to base 8
-1312
Convert -5202 (base 15) to base 2.
-100001110101111
25cb (base 14) to base 11
4aa3
Convert -1103011 (base 4) to base 3.
-21021221
Convert -7048 (base 9) to base 8.
-12033
Convert -40001 (base 5) to base 15.
-b1b
Convert -13231203 (base 4) to base 15.
-955c
Convert 3a4 (base 12) to base 5.
4211
Convert 325645 (base 7) to base 8.
157661
What is -1412130 (base 5) in base 14?
-a824
-536 (base 7) to base 12
-1a8
32120 (base 4) to base 16
398
Convert 13107 (base 8) to base 9.
7736
Convert -3104 (base 5) to base 4.
-12110
Convert -3310 (base 10) to base 8.
-6356
112 (base 7) to base 15
3d
Convert 66b1 (base 14) to base 2.
100010110000011
Convert -2432 (base 10) to base 9.
-3302
What is 8a64 (base 11) in base 10?
11928
What is -110101110 (base 2) in base 7?
-1153
Convert 110011111 (base 2) to base 9.
511
Convert 10001111 (base 3) to base 4.
202303
What is 21323 (base 5) in base 15?
678
What is 4000 (base 6) in base 14?
45a
Convert -2875 (base 10) to base 16.
-b3b
Convert 61 (base 7) to base 2.
101011
Convert 771 (base 9) to base 16.
277
What is 1008 (base 14) in base 8?
5300
-2054 (base 8) to base 2
-10000101100
-1210 (base 6) to base 9
-356
Convert -7284 (base 10) to base 16.
-1c74
-3622 (base 11) to base 16
-1287
Convert -12d2 (base 14) to base 16.
-cf8
Convert 5636 (base 8) to base 12.
187a
What is -13012112 (base 4) in base 6?
-342342
What is 2103112 (base 4) in base 6?
111354
1556b (base 13) to base 11
28460
What is -223311 (base 6) in base 12?
-ab37
Convert -1120022 (base 3) to base 2.
-10001110110
Convert -1251 (base 7) to base 6.
-2113
Convert -13200013 (base 4) to base 14.
-b2ab
Convert -3e (base 16) to base 5.
-222
4c0 (base 15) to base 13
651
Convert 66 (base 10) to base 11.
60
-2173 (base 8) to base 16
-47b
What is 6899 (base 12) in base 7?
45633
What is 4d2 (base 15) in base 8?
2111
Convert 660 (base 15) to base 16.
5a0
60610 (base 7) to base 13
6904
Convert 4421 (base 5) to base 16.
263
1110121 (base 3) to base 13
643
Convert -138415 (base 9) to base 15.
-1a252
What is 200202 (base 3) in base 16?
1fa
Convert 48e (base 16) to base 12.
812
Convert -31104 (base 5) to base 10.
-2029
Convert -2011123 (base 4) to base 12.
-4b37
Convert -a53 (base 11) to base 7.
-3461
112c0 (base 13) to base 14
b564
What is -193 (base 11) in base 8?
-337
Convert -16a7 (base 13) to base 4.
-310110
What is -10302 (base 8) in base 6?
-31510
Convert 3903 (base 10) to base 12.
2313
What is -5b3 (base 13) in base 10?
-991
-246 (base 15) to base 9
-633
-7408 (base 10) to base 16
-1cf0
10 (base 14) to base 9
15
Convert 3543 (base 7) to base 16.
519
What is -1876 (base 12) in base 13?
-1476
What is -3026 (base 7) in base 2?
-10000011001
-2291 (base 15) to base 8
-16250
What is -911 (base 12) in base 6?
-10021
Convert b1 (base 12) to base 2.
10000101
Convert -355 (base 10) to base 13.
-214
-1102 (base 10) to base 4
-101032
What is 13b2 (base 14) in base 10?
3488
What is -45511 (base 7) in base 5?
-332242
-921 (base 15) to base 8
-4010
-1446 (base 12) to base 5
-33413
Convert 16515 (base 10) to base 16.
4083
Convert 2140 (base 6) to base 3.
200020
Convert c3 (base 13) to base 8.
237
Convert -12531 (base 8) to base 13.
-2645
Convert 48 (base 12) to base 2.
111000
102011012 (base 3) to base 5
230012
8b6 (base 14) to base 8
3300
Convert -6082 (base 14) to base 11.
-11501
Convert 513 (base 12) to base 6.
3223
Convert 614 (base 11) to base 15.
346
What is -337 (base 9) in base 5?
-2102
Convert -11270 (base 8) to base 16.
-12b8
What is 23da (base 16) in base 10?
9178
What is -22202 (base 5) in base 6?
-11104
-1244 (base 7) to base 16
-1d9
What is -16cb (base 16) in base 4?
-1123023
Convert 2232131 (base 4) to base 12.
6565
-1588b (base 14) to base 10
-53827
Convert -ac3 (base 13) to base 3.
-2112111
86c (base 16) to base 2
100001101100
-697 (base 10) to base 9
-854
Convert -11031 (base 5) to base 10.
-766
What is 88211 (base 9) in base 7?
332350
-1433 (base 15) to base 6
-32003
6976 (base 11) to base 6
110222
-1771 (base 16) to base 8
-13561
-3512 (base 6) to base 5
-11321
Convert 117d (base 15) to base 9.
5081
Convert -831 (base 9) to base 3.
-221001
22422 (base 9) to base 12
8778
Convert 494 (base 12) to base 16.
2b0
What is 123143 (base 9) in base 14?
1d1dc
Convert -101001111001 (base 2) to base 4.
-221321
64d (base 14) to base 12
879
What is 15b (base 13) in base 7?
500
What is -4178 (base 9) in base 14?
-1192
Convert 40321 (base 6) to base 9.
7244
What is 974 (base 12) in base 4?
111220
Convert -20218 (base 9) to base 3.
-200020122
Convert -1374b (base 13) to base 12.
-19092
981 (base 11) to base 7
3302
What is 10232 (base 5) in base 4?
22310
-1d3 (base 16) to base 10
-467
Convert 10545 (base 12) to base 11.
15184
-101011110111001 (base 2) to base 8
-53671
229 (base 12) to base 15
166
What is 32484 (base 9) in base 7?
116542
What is -2033 (base 4) in base 15?
-98
What is 159 (base 16) in base 15?
180
Convert -25300 (base 12) to base 3.
-2120100000
What is -1000110010100 (base 2) in base 7?
-16056
What is -14562 (base 7) in base 5?
-112222
Convert 602c (base 13) to base 7.
53354
-3766 (base 10) to base 16
-eb6
-434143 (base 5) to base 2
-11101001001011
Convert 31715 (base 8) to base 4.
3033031
Convert -13204 (base 7) to base 12.
-2064
614 (base 8) to base 9
480
Convert -12125 (base 6) to base 3.
-2102222
Convert -32522 (base 6) to base 9.
-6165
What is 44c (base 14) in base 12?
5b0
What is 6153 (base 9) in base 14?
18d9
Con